35 - 6?
-43
In base 16, what is 66 - -48?
ae
In base 8, what is -5 + 32?
25
In base 5, what is 220140 - -10?
220200
In base 8, what is -2333 + 4?
-2327
In base 5, what is 212 + -3?
204
In base 16, what is 5 + e32?
e37
In base 12, what is -30 - 78?
-a8
In base 16, what is -3 - 47?
-4a
In base 2, what is -100 + -1111101?
-10000001
In base 8, what is -41460 + -1?
-41461
In base 2, what is 101 - -110011?
111000
In base 16, what is -2 + 49?
47
In base 9, what is -4 + -156?
-161
In base 11, what is -4502 + 5?
-44a8
In base 7, what is 0 + -13445?
-13445
In base 7, what is -24424 + 6?
-24415
In base 10, what is -33 - -8?
-25
In base 4, what is -3 + 1102?
1033
In base 15, what is 3 + -6dc?
-6d9
In base 10, what is 0 + -12?
-12
In base 13, what is -65 + -16?
-7b
In base 15, what is 2 - 57?
-55
In base 2, what is 100 + 110101001?
110101101
In base 9, what is 20037 + 1?
20038
In base 8, what is 2 - 132?
-130
In base 14, what is -9 + -54?
-5d
In base 13, what is 64 - 1?
63
In base 16, what is 13f + -5?
13a
In base 2, what is -11011 - -1000?
-10011
In base 2, what is -1101100000000 + -100?
-1101100000100
In base 7, what is -5 + 511?
503
In base 16, what is 362 + 5?
367
In base 8, what is 1235 - 23?
1212
In base 10, what is -27 + -42?
-69
In base 12, what is 224 + 4?
228
In base 13, what is -1b - 13?
-31
In base 4, what is 310223 - 3?
310220
In base 7, what is 330 + 0?
330
In base 2, what is -1111011100110 - -1?
-1111011100101
In base 2, what is -10010110100 + -1000?
-10010111100
In base 7, what is -11 + -1102?
-1113
In base 16, what is 6 - b1?
-ab
In base 4, what is 3 + 12003?
12012
In base 10, what is -20652 - -4?
-20648
In base 10, what is -382 - 5?
-387
In base 2, what is -101 - 1110111100?
-1111000001
In base 16, what is -2f + -15?
-44
In base 2, what is 1001001111 - 11?
1001001100
In base 2, what is 1000 + -11001?
-10001
In base 12, what is 109 - 0?
109
In base 16, what is -73 + 18?
-5b
In base 10, what is 77 - 210?
-133
In base 15, what is -78 + -11?
-89
In base 3, what is -122021 + 101?
-121220
In base 15, what is -43 + 6?
-3c
In base 10, what is -935 + 3?
-932
In base 13, what is -134 - -7?
-12a
In base 13, what is -2 - 15?
-17
In base 11, what is 242 - -5?
247
In base 9, what is -7 - 11?
-18
In base 9, what is 3 + 8?
12
In base 15, what is -4 - -55?
51
In base 7, what is 3045 - 0?
3045
In base 11, what is -383a - 10?
-384a
In base 15, what is -1c94 - 3?
-1c97
In base 14, what is 385 - 1?
384
In base 16, what is -56 - 0?
-56
In base 10, what is -67 + -4?
-71
In base 13, what is -c0 - 0?
-c0
In base 16, what is -9b - 2f?
-ca
In base 7, what is 13 + -3?
10
In base 5, what is -13 - 110?
-123
In base 8, what is 0 + 211?
211
In base 2, what is 11100010 - 110?
11011100
In base 7, what is 32 - 2?
30
In base 12, what is -171 + -4?
-175
In base 2, what is -1111011110 - 10?
-1111100000
In base 3, what is 12001 - 11?
11220
In base 12, what is 121 + -5?
118
In base 12, what is -39 - -44?
7
In base 16, what is -2 - -526?
524
In base 11, what is -3745 + -2?
-3747
In base 9, what is -5 + 64?
58
In base 2, what is -10 + 1110001?
1101111
In base 4, what is -3 + 131?
122
In base 2, what is -1010001 - 10?
-1010011
In base 7, what is -1 + 1?
0
In base 16, what is 30e + -2?
30c
In base 4, what is -3 + 1313111?
1313102
In base 6, what is -2 - -12425?
12423
In base 4, what is -11 + 1001210?
1001133
In base 11, what is 1223 + 3?
1226
In base 14, what is -7d - 83?
-122
In base 7, what is -1 + 122?
121
In base 16, what is 116 + -5?
111
In base 10, what is -18 - 13?
-31
In base 14, what is -cad - 0?
-cad
In base 2, what is -111001 + -1001?
-1000010
In base 14, what is -3 + -16b?
-170
In base 16, what is -4 + b?
7
In base 15, what is 1 + -6cd?
-6cc
In base 5, what is 144 - -1111?
1310
In base 6, what is 1 - -134?
135
In base 13, what is -27 + 10?
-17
In base 14, what is 2367 - 2?
2365
In base 2, what is -10010 - 10111?
-101001
In base 12, what is 2 - -10?
12
In base 6, what is 23034 - 3?
23031
In base 5, what is -1113322 - 1?
-1113323
In base 9, what is -1 - 700?
-701
In base 7, what is -333 + -3?
-336
In base 6, what is -400 + -3?
-403
In base 14, what is -2d + -1?
-30
In base 16, what is 3 - fac?
-fa9
In base 15, what is 14ab + -2?
14a9
In base 8, what is 5 - 1175?
-1170
In base 3, what is -12002102 + 11?
-12002021
In base 6, what is -10542 - -15?
-10523
In base 6, what is 2551 + 1?
2552
In base 8, what is 4 - -212?
216
In base 6, what is 3 + -2142?
-2135
In base 15, what is -43 + e3?
a0
In base 7, what is -12 + 23?
11
In base 3, what is 101 - -1200?
2001
In base 10, what is -9 - -23?
14
In base 4, what is 130 - 3?
121
In base 16, what is 22 + 37?
59
In base 3, what is -110 - 100001?
-100111
In base 5, what is 140 - 4?
131
In base 9, what is 5387 + -2?
5385
In base 11, what is 829 - 0?
829
In base 13, what is -45 + -4?
-49
In base 4, what is 21101 + 211?
21312
In base 14, what is -44 + -13?
-57
In base 9, what is -5 + 83?
77
In base 12, what is 5 + 32?
37
In base 16, what is -19 - -8?
-11
In base 6, what is -4 + -115?
-123
In base 11, what is -4 + 10?
7
In base 9, what is 3 + 205?
208
In base 5, what is -12 + -12?
-24
In base 13, what is -6 - 51?
-57
In base 14, what is -1d - -2?
-1b
In base 10, what is -613 + -7?
-620
In base 10, what is 38 - -28?
66
In base 6, what is -320 - -1?
-315
In base 15, what is -1c + 1a?
-2
In base 14, what is -1 + -d3?
-d4
In base 15, what is -d85 - 6?
-d8b
In base 2, what is -111101000 - -11?
-111100101
In base 11, what is -4 + 10?
7
In base 3, what is 121 - -21101?
21222
In base 7, what is -360 - 12?
-402
In base 10, what is 8 - -205?
213
In base 3, what is -10122122 + -1?
-10122200
In base 2, what is -1 - -1010100001000?
1010100000111
In base 4, what is 3 + 2110?
2113
In base 13, what is 17 - -2b?
45
In base 3, what is 111 - 2?
102
In base 15, what is 1a + 6?
21
In base 9, what is 8 - 274?
-265
In base 5, what is 10 - -232?
242
In base 8, what is 14 + -226?
-212
In base 12, what is 8b - -67?
136
In base 11, what is -477 + 0?
-477
In base 8, what is 1 + 1461?
1462
In base 5, what is -10423 + 3?
-10420
In base 12, what is b + 4?
13
In base 16, what is -2 + -11d?
-11f
In base 12, what is -58 - -2?
-56
In base 12, what is -22a + -3?
-231
In base 5, what is 2034 - -2?
2041
In base 7, what is -36 - -26?
-10
In base 10, what is -55 - -28?
-27
In base 12, what is -87 - 18?
-a3
In base 14, what is 26 - b3?
-8b
In base 11, what is -2 + -26?
-28
In base 13, what is 131 + 1?
132
In base 4, what is -20 - -2?
-12
In base 7, what is -5601 - -4?
-5564
In base 8, what is 13 + 53?
66
In base 14, what is -209 - 5?
-210
In base 2, what is -10000 + 101101?
11101
In base 15, what is 0 + 104?
104
In base 5, what is 340 + -303?
32
In base 14, what is -383 - 5?
-388
In base 16, what is 0 - -90?
90
In base 9, what is -30 + -333?
-363
In base 3, what is -1010 - 1011?
-2021
In base 3, what is -1020110 - -11?
-1020022
In base 4, what is -13 - -203322?
203303
In base 12, what is -395 - 7?
-3a0
In base 2, what is -1001001 - 0?
-1001001
In base 11, what is 0 + 133?
133
In base 4, what is -22 - -3330?
3302
In base 9, what is -1153 + 6?
-1146
In base 11, what is -457 - -2?
-455
In base 4, what is 10 + 31200?
31210
In base 10, what is -3 + 273?
270
In base 10, what is 0 - -117?
117
In base 9, what is 315 + 3?
318
In base 14, what is -26 - -1c?
-8
In base 15, what is 0 - -205?
205
In base 11, what is 96 + -3?
93
In base 15, what is -1 + 93?
92
In base 15, what is -147 - d?
-155
In base 9, what is -4 + -36?
-41
In base 16, what is 1 + 4e?
4f
In base 6, what is -2 - 1143?
-1145
In base 9, what is 2653 - 13?
2640
In base 14, what is -bc + b?
-b1
In base 3, what is -12022 - 2?
-12101
In base 8, what is 6 + 1603?
1611
In base 9, what is -411 - -1?
-410
In base 3, what is 0 - -2000112?
2000112
In base 12, what is -60 + 0?
-60
In base 9, what is 3 - -471?
474
In base 10, what is -324 + -1?
-325
In base 15, what is -5d - 52?
-b0
In base 7, what is -2 - 3105?
-3110
In base 7, what is 103264 - 2?
103262
In base 4, what is 11 + -3031?
-3020
In base 2, what is -110100000 + 101?
-110011011
In base 8, what is 7 + 207?
216
In base 10, what is 23 + 40?
63
In base 13, what is 1b + a?
28
In base 9, what is -2 + 6460?
6457
In base 3, what is -10 + 1120110?
1120100
In base 2, what is 1010 + 10